{"id":1673,"date":"2024-08-27T16:39:41","date_gmt":"2024-08-27T14:39:41","guid":{"rendered":"https:\/\/ro-bots.fr\/?page_id=1673"},"modified":"2024-08-27T16:39:42","modified_gmt":"2024-08-27T14:39:42","slug":"usages-numerique","status":"publish","type":"page","link":"https:\/\/ro-bots.fr\/index.php\/accueil-2\/usages-numerique\/","title":{"rendered":"Usages num\u00e9rique"},"content":{"rendered":"\n<div class=\"wp-block-uagb-advanced-heading uagb-block-655bb49b\" id=\"0-robots-sportifs-\"><h2 class=\"uagb-heading-text\"><strong>Usages num\u00e9rique<\/strong><\/h2><\/div>\n\n\n\n<div class=\"wp-block-uagb-separator uagb-block-3229eb6e\"><div class=\"uagb-separator-spacing-wrapper\"><div class=\"wp-block-uagb-separator__inner\" style=\"--my-background-image:\"><\/div><\/div><\/div>\n\n\n\n<blockquote class=\"wp-block-quote is-layout-flow wp-block-quote-is-layout-flow\">\n<p class=\"has-text-color has-link-color wp-elements-e84d5f59ab160effccba1751f64b304b\" style=\"color:#021f5d\">L&rsquo;association Ro-Bots propose des formations adress\u00e9s aux professionnels. De la manipulation des outils informatiques au fabrication num\u00e9rique. L&rsquo;association Ro-Bots s&rsquo;attache \u00e0 rendre accessible l&rsquo;ecosyst\u00e8me num\u00e9rique par la formation des accompagnateur.trice.s socio-\u00e9ducatifs et des publics en situation de pr\u00e9carit\u00e9 num\u00e9rique.<\/p>\n\n\n\n\t\t\t<div class=\"wp-block-uagb-post-grid uagb-post-grid  uagb-post__image-position-top uagb-post__image-enabled uagb-block-52fd358d     uagb-post__items uagb-post__columns-2 is-grid uagb-post__columns-tablet-2 uagb-post__columns-mobile-1 uagb-post__equal-height uagb-equal_height_inline-read-more-buttons\" data-total=\"1\" style=\"\">\n\n\t\t\t\t\t\t\t\t\t\t\t\t<article class=\"uagb-post__inner-wrap\">\t\t\t\t\t\t\t\t<div class='uagb-post__image'>\n\t\t\t\t\t\t\t\t\t<a href=\"https:\/\/ro-bots.fr\/index.php\/2024\/08\/16\/usages-fondamentaux-du-numerique\/\" target=\"_self\" rel=\"bookmark noopener noreferrer\" class='uagb-image-ratio-inherit'><img loading=\"lazy\" decoding=\"async\" width=\"1080\" height=\"1080\" src=\"https:\/\/ro-bots.fr\/wp-content\/uploads\/2024\/08\/Compute-1.png\" class=\"attachment-full size-full\" alt=\"\" srcset=\"https:\/\/ro-bots.fr\/wp-content\/uploads\/2024\/08\/Compute-1.png 1080w, https:\/\/ro-bots.fr\/wp-content\/uploads\/2024\/08\/Compute-1-300x300.png 300w, https:\/\/ro-bots.fr\/wp-content\/uploads\/2024\/08\/Compute-1-1024x1024.png 1024w, https:\/\/ro-bots.fr\/wp-content\/uploads\/2024\/08\/Compute-1-150x150.png 150w, https:\/\/ro-bots.fr\/wp-content\/uploads\/2024\/08\/Compute-1-768x768.png 768w, https:\/\/ro-bots.fr\/wp-content\/uploads\/2024\/08\/Compute-1-100x100.png 100w, https:\/\/ro-bots.fr\/wp-content\/uploads\/2024\/08\/Compute-1-24x24.png 24w, https:\/\/ro-bots.fr\/wp-content\/uploads\/2024\/08\/Compute-1-36x36.png 36w, https:\/\/ro-bots.fr\/wp-content\/uploads\/2024\/08\/Compute-1-48x48.png 48w\" sizes=\"auto, 100vw\" \/>\t\t\t\t\t<\/a>\n\t\t\t\t\t\t\t<\/div>\n\t\t\t\t\t\t<h4 class=\"uagb-post__title uagb-post__text\">\n\t\t\t\t<a href=\"https:\/\/ro-bots.fr\/index.php\/2024\/08\/16\/usages-fondamentaux-du-numerique\/\" target=\"_self\" rel=\"bookmark noopener noreferrer\">Usages fondamentaux du num\u00e9rique<\/a>\n\t\t\t<\/h4>\n\t\t\t\t\t\t<div class='uagb-post__text uagb-post-grid-byline'>\n\t\t\t\t\t\t\t<\/div>\n\t\t\t\t\t\t\t<div class='uagb-post__text uagb-post__excerpt'>\n\t\t\t\t\tTravailler la posture d\u2019accompagnement, la conception de contenu p\u00e9dagogique et la mont\u00e9e en comp\u00e9tence des professionnels.\t\t\t\t<\/div>\n\t\t\t\t\t\t<div class=\"uagb-post__text uagb-post__cta wp-block-button\">\n\t\t\t\t<a class=\"wp-block-button__link uagb-text-link\" style=\"\" href=\"https:\/\/ro-bots.fr\/index.php\/2024\/08\/16\/usages-fondamentaux-du-numerique\/\" target=\"_self\" rel=\"bookmark noopener noreferrer\">En savoir plus<\/a>\n\t\t\t<\/div>\n\t\t\t\n\t\t\t\t\t\t\t\t\t<\/article>\n\t\t\t\t\t\t\t\t\t\t\t\t\t\t\t\t<article class=\"uagb-post__inner-wrap\">\t\t\t\t\t\t\t\t<div class='uagb-post__image'>\n\t\t\t\t\t\t\t\t\t<a href=\"https:\/\/ro-bots.fr\/index.php\/2024\/08\/16\/usages-professionnels\/\" target=\"_self\" rel=\"bookmark noopener noreferrer\" class='uagb-image-ratio-inherit'><img loading=\"lazy\" decoding=\"async\" width=\"1080\" height=\"1080\" src=\"https:\/\/ro-bots.fr\/wp-content\/uploads\/2024\/08\/Usages-Professionnels-5.png\" class=\"attachment-full size-full\" alt=\"\" srcset=\"https:\/\/ro-bots.fr\/wp-content\/uploads\/2024\/08\/Usages-Professionnels-5.png 1080w, https:\/\/ro-bots.fr\/wp-content\/uploads\/2024\/08\/Usages-Professionnels-5-300x300.png 300w, https:\/\/ro-bots.fr\/wp-content\/uploads\/2024\/08\/Usages-Professionnels-5-1024x1024.png 1024w, https:\/\/ro-bots.fr\/wp-content\/uploads\/2024\/08\/Usages-Professionnels-5-150x150.png 150w, https:\/\/ro-bots.fr\/wp-content\/uploads\/2024\/08\/Usages-Professionnels-5-768x768.png 768w, https:\/\/ro-bots.fr\/wp-content\/uploads\/2024\/08\/Usages-Professionnels-5-100x100.png 100w, https:\/\/ro-bots.fr\/wp-content\/uploads\/2024\/08\/Usages-Professionnels-5-24x24.png 24w, https:\/\/ro-bots.fr\/wp-content\/uploads\/2024\/08\/Usages-Professionnels-5-36x36.png 36w, https:\/\/ro-bots.fr\/wp-content\/uploads\/2024\/08\/Usages-Professionnels-5-48x48.png 48w\" sizes=\"auto, 100vw\" \/>\t\t\t\t\t<\/a>\n\t\t\t\t\t\t\t<\/div>\n\t\t\t\t\t\t<h4 class=\"uagb-post__title uagb-post__text\">\n\t\t\t\t<a href=\"https:\/\/ro-bots.fr\/index.php\/2024\/08\/16\/usages-professionnels\/\" target=\"_self\" rel=\"bookmark noopener noreferrer\">Usages professionnels<\/a>\n\t\t\t<\/h4>\n\t\t\t\t\t\t<div class='uagb-post__text uagb-post-grid-byline'>\n\t\t\t\t\t\t\t<\/div>\n\t\t\t\t\t\t\t<div class='uagb-post__text uagb-post__excerpt'>\n\t\t\t\t\tDes formations adapt\u00e9es aux contextes d\u2019intervention des professionnels, renforcement des comp\u00e9tences n\u00e9cessaires \u00e0 la bonne conduite de leur projet et\/ou \u00e0 l\u2019accompagnement de leurs b\u00e9n\u00e9ficiaires. \t\t\t\t<\/div>\n\t\t\t\t\t\t<div class=\"uagb-post__text uagb-post__cta wp-block-button\">\n\t\t\t\t<a class=\"wp-block-button__link uagb-text-link\" style=\"\" href=\"https:\/\/ro-bots.fr\/index.php\/2024\/08\/16\/usages-professionnels\/\" target=\"_self\" rel=\"bookmark noopener noreferrer\">En savoir plus<\/a>\n\t\t\t<\/div>\n\t\t\t\n\t\t\t\t\t\t\t\t\t<\/article>\n\t\t\t\t\t\t\t\t\t\t\t\t\t\t\t\t<article class=\"uagb-post__inner-wrap\">\t\t\t\t\t\t\t\t<div class='uagb-post__image'>\n\t\t\t\t\t\t\t\t\t<a href=\"https:\/\/ro-bots.fr\/index.php\/2024\/08\/16\/formation-numerique-des-publics\/\" target=\"_self\" rel=\"bookmark noopener noreferrer\" class='uagb-image-ratio-inherit'><img loading=\"lazy\" decoding=\"async\" width=\"1080\" height=\"1080\" src=\"https:\/\/ro-bots.fr\/wp-content\/uploads\/2024\/08\/Precarite-num-2.png\" class=\"attachment-full size-full\" alt=\"\" srcset=\"https:\/\/ro-bots.fr\/wp-content\/uploads\/2024\/08\/Precarite-num-2.png 1080w, https:\/\/ro-bots.fr\/wp-content\/uploads\/2024\/08\/Precarite-num-2-300x300.png 300w, https:\/\/ro-bots.fr\/wp-content\/uploads\/2024\/08\/Precarite-num-2-1024x1024.png 1024w, https:\/\/ro-bots.fr\/wp-content\/uploads\/2024\/08\/Precarite-num-2-150x150.png 150w, https:\/\/ro-bots.fr\/wp-content\/uploads\/2024\/08\/Precarite-num-2-768x768.png 768w, https:\/\/ro-bots.fr\/wp-content\/uploads\/2024\/08\/Precarite-num-2-100x100.png 100w, https:\/\/ro-bots.fr\/wp-content\/uploads\/2024\/08\/Precarite-num-2-24x24.png 24w, https:\/\/ro-bots.fr\/wp-content\/uploads\/2024\/08\/Precarite-num-2-36x36.png 36w, https:\/\/ro-bots.fr\/wp-content\/uploads\/2024\/08\/Precarite-num-2-48x48.png 48w\" sizes=\"auto, 100vw\" \/>\t\t\t\t\t<\/a>\n\t\t\t\t\t\t\t<\/div>\n\t\t\t\t\t\t<h4 class=\"uagb-post__title uagb-post__text\">\n\t\t\t\t<a href=\"https:\/\/ro-bots.fr\/index.php\/2024\/08\/16\/formation-numerique-des-publics\/\" target=\"_self\" rel=\"bookmark noopener noreferrer\">Formation num\u00e9rique des publics<\/a>\n\t\t\t<\/h4>\n\t\t\t\t\t\t<div class='uagb-post__text uagb-post-grid-byline'>\n\t\t\t\t\t\t\t<\/div>\n\t\t\t\t\t\t\t<div class='uagb-post__text uagb-post__excerpt'>\n\t\t\t\t\tManipulation des p\u00e9riph\u00e9riques informatiques (clavier, souris, \u00e9cran tactile).Usages num\u00e9riques fondamentaux (mail, internet, \u00e9diteur de texte, loisir num\u00e9rique). Usages et codes professionnels, S\u00e9curit\u00e9 informatique.\t\t\t\t<\/div>\n\t\t\t\t\t\t<div class=\"uagb-post__text uagb-post__cta wp-block-button\">\n\t\t\t\t<a class=\"wp-block-button__link uagb-text-link\" style=\"\" href=\"https:\/\/ro-bots.fr\/index.php\/2024\/08\/16\/formation-numerique-des-publics\/\" target=\"_self\" rel=\"bookmark noopener noreferrer\">En savoir plus<\/a>\n\t\t\t<\/div>\n\t\t\t\n\t\t\t\t\t\t\t\t\t<\/article>\n\t\t\t\t\t\t\t\t\t\t\t\t\t\t\t\t<article class=\"uagb-post__inner-wrap\">\t\t\t\t\t\t\t\t<div class='uagb-post__image'>\n\t\t\t\t\t\t\t\t\t<a href=\"https:\/\/ro-bots.fr\/index.php\/2024\/08\/16\/formation-numerique-et-mediation-technique\/\" target=\"_self\" rel=\"bookmark noopener noreferrer\" class='uagb-image-ratio-inherit'><img loading=\"lazy\" decoding=\"async\" width=\"1080\" height=\"1080\" src=\"https:\/\/ro-bots.fr\/wp-content\/uploads\/2024\/08\/Fabnum-3.png\" class=\"attachment-full size-full\" alt=\"\" srcset=\"https:\/\/ro-bots.fr\/wp-content\/uploads\/2024\/08\/Fabnum-3.png 1080w, https:\/\/ro-bots.fr\/wp-content\/uploads\/2024\/08\/Fabnum-3-300x300.png 300w, https:\/\/ro-bots.fr\/wp-content\/uploads\/2024\/08\/Fabnum-3-1024x1024.png 1024w, https:\/\/ro-bots.fr\/wp-content\/uploads\/2024\/08\/Fabnum-3-150x150.png 150w, https:\/\/ro-bots.fr\/wp-content\/uploads\/2024\/08\/Fabnum-3-768x768.png 768w, https:\/\/ro-bots.fr\/wp-content\/uploads\/2024\/08\/Fabnum-3-100x100.png 100w, https:\/\/ro-bots.fr\/wp-content\/uploads\/2024\/08\/Fabnum-3-24x24.png 24w, https:\/\/ro-bots.fr\/wp-content\/uploads\/2024\/08\/Fabnum-3-36x36.png 36w, https:\/\/ro-bots.fr\/wp-content\/uploads\/2024\/08\/Fabnum-3-48x48.png 48w\" sizes=\"auto, 100vw\" \/>\t\t\t\t\t<\/a>\n\t\t\t\t\t\t\t<\/div>\n\t\t\t\t\t\t<h4 class=\"uagb-post__title uagb-post__text\">\n\t\t\t\t<a href=\"https:\/\/ro-bots.fr\/index.php\/2024\/08\/16\/formation-numerique-et-mediation-technique\/\" target=\"_self\" rel=\"bookmark noopener noreferrer\">Formation num\u00e9rique et m\u00e9diation technique<\/a>\n\t\t\t<\/h4>\n\t\t\t\t\t\t<div class='uagb-post__text uagb-post-grid-byline'>\n\t\t\t\t\t\t\t<\/div>\n\t\t\t\t\t\t\t<div class='uagb-post__text uagb-post__excerpt'>\n\t\t\t\t\tConna\u00eetre les notions socles de la de la m\u00e9canique, de la CAO et de l&rsquo;\u00e9lectronique, mobiliser des ressources et apprendre \u00e0 transmettre par l\u2019exp\u00e9rience.\t\t\t\t<\/div>\n\t\t\t\t\t\t<div class=\"uagb-post__text uagb-post__cta wp-block-button\">\n\t\t\t\t<a class=\"wp-block-button__link uagb-text-link\" style=\"\" href=\"https:\/\/ro-bots.fr\/index.php\/2024\/08\/16\/formation-numerique-et-mediation-technique\/\" target=\"_self\" rel=\"bookmark noopener noreferrer\">En savoir plus<\/a>\n\t\t\t<\/div>\n\t\t\t\n\t\t\t\t\t\t\t\t\t<\/article>\n\t\t\t\t\t\t\t\t\t\t\t<\/div>\n\t\t\t<\/blockquote>\n","protected":false},"excerpt":{"rendered":"<p>Usages num\u00e9rique<\/p>\n","protected":false},"author":3,"featured_media":0,"parent":1834,"menu_order":0,"comment_status":"closed","ping_status":"closed","template":"","meta":{"_eb_attr":"","_uag_custom_page_level_css":"","footnotes":""},"class_list":["post-1673","page","type-page","status-publish","hentry"],"featured_image_src":null,"uagb_featured_image_src":{"full":false,"thumbnail":false,"medium":false,"medium_large":false,"large":false,"1536x1536":false,"2048x2048":false,"twentyseventeen-featured-image":false,"twentyseventeen-thumbnail-avatar":false,"menu-24x24":false,"menu-36x36":false,"menu-48x48":false},"uagb_author_info":{"display_name":"Robots","author_link":"https:\/\/ro-bots.fr\/index.php\/author\/robots\/"},"uagb_comment_info":0,"uagb_excerpt":"Usages num\u00e9rique","_links":{"self":[{"href":"https:\/\/ro-bots.fr\/index.php\/wp-json\/wp\/v2\/pages\/1673","targetHints":{"allow":["GET"]}}],"collection":[{"href":"https:\/\/ro-bots.fr\/index.php\/wp-json\/wp\/v2\/pages"}],"about":[{"href":"https:\/\/ro-bots.fr\/index.php\/wp-json\/wp\/v2\/types\/page"}],"author":[{"embeddable":true,"href":"https:\/\/ro-bots.fr\/index.php\/wp-json\/wp\/v2\/users\/3"}],"replies":[{"embeddable":true,"href":"https:\/\/ro-bots.fr\/index.php\/wp-json\/wp\/v2\/comments?post=1673"}],"version-history":[{"count":10,"href":"https:\/\/ro-bots.fr\/index.php\/wp-json\/wp\/v2\/pages\/1673\/revisions"}],"predecessor-version":[{"id":1993,"href":"https:\/\/ro-bots.fr\/index.php\/wp-json\/wp\/v2\/pages\/1673\/revisions\/1993"}],"up":[{"embeddable":true,"href":"https:\/\/ro-bots.fr\/index.php\/wp-json\/wp\/v2\/pages\/1834"}],"wp:attachment":[{"href":"https:\/\/ro-bots.fr\/index.php\/wp-json\/wp\/v2\/media?parent=1673"}],"curies":[{"name":"wp","href":"https:\/\/api.w.org\/{rel}","templated":true}]}}